t common divisor of 575 and 253.
23
Calculate the greatest common factor of 288 and 6192.
144
Calculate the highest common factor of 18 and 3087.
9
What is the highest common factor of 289 and 51?
17
What is the highest common factor of 640 and 1400?
40
What is the highest common divisor of 124 and 12?
4
What is the highest common factor of 24 and 744?
24
What is the greatest common divisor of 95 and 1349?
19
What is the greatest common factor of 48 and 16?
16
Calculate the highest common factor of 17 and 1887.
17
What is the highest common divisor of 5 and 6905?
5
Calculate the highest common factor of 1270 and 50.
10
Calculate the highest common factor of 55 and 935.
55
Calculate the highest common divisor of 3294 and 4758.
366
What is the highest common divisor of 81 and 9423?
27
Calculate the greatest common divisor of 1890 and 180.
90
Calculate the greatest common divisor of 39 and 2899.
13
Calculate the greatest common divisor of 18 and 834.
6
What is the greatest common divisor of 6 and 3786?
6
Calculate the highest common divisor of 304 and 8018.
38
What is the highest common divisor of 30 and 21?
3
Calculate the greatest common divisor of 513 and 209.
19
What is the greatest common divisor of 870 and 58?
58
Calculate the highest common factor of 2500 and 40.
20
Calculate the highest common factor of 3406 and 208.
26
What is the greatest common factor of 8 and 536?
8
Calculate the highest common factor of 83 and 332.
83
Calculate the highest common divisor of 38 and 2717.
19
What is the greatest common factor of 23370 and 19?
19
Calculate the greatest common divisor of 2430 and 20.
10
What is the greatest common factor of 1536 and 48?
48
Calculate the greatest common factor of 52 and 3822.
26
Calculate the greatest common factor of 48 and 912.
48
What is the greatest common divisor of 23 and 13501?
23
What is the greatest common divisor of 810 and 120?
30
What is the highest common divisor of 1752 and 150?
6
What is the highest common factor of 168 and 2436?
84
What is the greatest common factor of 1155 and 5313?
231
What is the highest common factor of 55 and 65?
5
What is the greatest common divisor of 215 and 1376?
43
Calculate the greatest common divisor of 12 and 636.
12
What is the highest common divisor of 9948 and 12?
12
Calculate the highest common divisor of 15 and 76305.
15
What is the greatest common divisor of 2288 and 13?
13
What is the highest common factor of 195 and 180?
15
What is the highest common factor of 17 and 85?
17
Calculate the highest common factor of 8 and 52.
4
Calculate the highest common factor of 8162 and 106.
106
Calculate the highest common divisor of 357 and 3.
3
What is the highest common factor of 896 and 700?
28
What is the greatest common divisor of 24 and 2472?
24
What is the highest common factor of 899 and 62?
31
Calculate the highest common factor of 16 and 48.
16
Calculate the highest common factor of 92 and 644.
92
Calculate the highest common divisor of 50 and 140.
10
What is the greatest common divisor of 4352 and 102?
34
Calculate the greatest common divisor of 85 and 13073.
17
Calculate the greatest common factor of 1904 and 833.
119
Calculate the greatest common factor of 570 and 30.
30
What is the highest common divisor of 24 and 48?
24
Calculate the greatest common divisor of 295 and 5.
5
Calculate the highest common divisor of 726 and 825.
33
Calculate the greatest common factor of 352 and 472.
8
What is the highest common divisor of 484 and 4?
4
What is the highest common divisor of 20391 and 21?
21
Calculate the greatest common factor of 180 and 1170.
90
Calculate the greatest common factor of 22 and 583.
11
What is the highest common factor of 3475 and 50?
25
Calculate the highest common divisor of 498 and 6.
6
Calculate the highest common factor of 885 and 30.
15
What is the greatest common divisor of 665 and 266?
133
Calculate the highest common factor of 9232 and 64.
16
What is the highest common factor of 183 and 72651?
183
Calculate the greatest common divisor of 702 and 594.
54
Calculate the greatest common divisor of 7611 and 59.
59
What is the highest common divisor of 2828 and 28?
28
What is the highest common factor of 4464 and 6?
6
What is the greatest common factor of 611 and 141?
47
What is the highest common factor of 27 and 351?
27
What is the greatest common factor of 8280 and 360?
360
Calculate the greatest common factor of 464 and 203.
29
Calculate the greatest common factor of 77 and 8393.
77
What is the greatest common divisor of 114 and 570?
114
Calculate the greatest common factor of 781 and 275.
11
What is the greatest common factor of 3785 and 5?
5
What is the highest common divisor of 143 and 52?
13
What is the highest common divisor of 2065 and 35?
35
Calculate the highest common factor of 160 and 70.
10
Calculate the greatest common divisor of 35 and 238.
7
What is the highest common factor of 21 and 448?
7
What is the greatest common factor of 536 and 8?
8
Calculate the greatest common factor of 3272 and 16.
8
Calculate the highest common divisor of 28 and 2016.
28
What is the highest common factor of 126 and 63?
63
Calculate the highest common divisor of 3392 and 53.
53
What is the greatest common divisor of 29 and 12?
1
Calculate the greatest common divisor of 262 and 1179.
131
Calculate the greatest common divisor of 161 and 46.
23
What is the greatest common factor of 520 and 52?
52
Calculate the greatest common factor of 1595 and 495.
55
What is the highest common divisor of 13 and 1456?
13
Calculate the highest common factor of 1247 and 1290.
43
What is the highest common factor of 4 and 10?
2
Calculate the highest common divisor of 3672 and 1944.
216
Calculate the highest common divisor of 288 and 18.
18
What is the highest common divisor of 108 and 9?
9
What is the highest common factor of 33 and 825?
33
What is the greatest common factor of 492 and 60?
12
Calculate the greatest common divisor of 6597 and 72.
9
Calculate the greatest common factor of 290 and 638.
58
Calculate the greatest common divisor of 244 and 7930.
122
What is the greatest common divisor of 48 and 60?
12
Calculate the greatest common factor of 754 and 406.
58
What is the greatest common factor of 76 and 380?
76
Calculate the highest common divisor of 52 and 364.
52
Calculate the highest common divisor of 44 and 968.
44
Calculate the highest common factor of 20 and 12.
4
Calculate the greatest common factor of 63 and 36.
9
What is the greatest common factor of 637 and 65?
13
Calculate the greatest common divisor of 161 and 168.
7
Calculate the highest common divisor of 8 and 76.
4
Calculate the highest common factor of 6 and 138.
6
What is the highest common factor of 1 and 1669?
1
What is the greatest common divisor of 80 and 890?
10
Calculate the highest common divisor of 68 and 4301.
17
What is the greatest common factor of 7398 and 36?
18
What is the greatest common factor of 17 and 187?
17
What is the highest common divisor of 530 and 106?
106
Calculate the greatest common factor of 7362 and 36.
18
What is the highest common divisor of 2756 and 530?
106
Calculate the highest common divisor of 35 and 70.
35
What is the greatest common factor of 86 and 473?
43
Calculate the greatest common factor of 13871 and 143.
143
What is the greatest common factor of 6 and 201?
3
What is the highest common factor of 13 and 2210?
13
What is the greatest common factor of 99 and 1617?
33
What is the greatest common divisor of 22 and 12?
2
What is the highest common divisor of 17500 and 4?
4
What is the greatest common factor of 13 and 2119?
13
What is the highest common factor of 28 and 28?
28
Calculate the highest common divisor of 234 and 18.
18
What is the greatest common divisor of 481 and 37?
37
Calculate the highest common divisor of 1302 and 62.
62
What is the greatest common factor of 171 and 399?
57
What is the highest common factor of 46 and 437?
23
Calculate the greatest common factor of 18 and 225.
9
Calculate the greatest common divisor of 3 and 384.
3
Calculate the highest common divisor of 108 and 468.
36
Calculate the greatest common factor of 112 and 4.
4
What is the greatest common divisor of 8 and 4504?
8
Calculate the highest common divisor of 20 and 3610.
10
W